 3
-11
What is 23 (base 4) in base 9?
12
What is 27 (base 15) in base 2?
100101
What is 1111001 (base 2) in base 16?
79
2 (base 8) to base 12
2
20 (base 4) to base 7
11
95 (base 15) to base 8
214
Convert 42 (base 6) to base 2.
11010
Convert -11011 (base 2) to base 11.
-25
What is 1 (base 15) in base 3?
1
What is c (base 16) in base 14?
c
What is 0 (base 5) in base 15?
0
1000 (base 2) to base 12
8
Convert -3 (base 8) to base 12.
-3
-35 (base 9) to base 6
-52
Convert 12 (base 15) to base 14.
13
-5 (base 7) to base 12
-5
What is 27 (base 14) in base 5?
120
What is -38 (base 13) in base 5?
-142
38 (base 16) to base 9
62
What is -a6 (base 15) in base 9?
-183
What is 3 (base 5) in base 12?
3
-222 (base 6) to base 14
-62
Convert b (base 13) to base 14.
b
Convert -3 (base 15) to base 4.
-3
What is 58 (base 9) in base 15?
38
Convert 231 (base 9) to base 11.
163
-207 (base 8) to base 9
-160
What is 11 (base 4) in base 2?
101
-3 (base 10) to base 5
-3
-13 (base 4) to base 12
-7
What is d (base 16) in base 9?
14
What is 13 (base 5) in base 4?
20
What is 0 (base 10) in base 4?
0
-1 (base 14) to base 3
-1
Convert -1 (base 2) to base 5.
-1
Convert 3 (base 16) to base 7.
3
Convert 28 (base 12) to base 15.
22
Convert 11 (base 9) to base 6.
14
What is 0 (base 12) in base 14?
0
25 (base 6) to base 11
16
141 (base 5) to base 15
31
What is -140 (base 10) in base 5?
-1030
What is 102 (base 3) in base 7?
14
Convert 1 (base 6) to base 10.
1
Convert -2b (base 15) to base 3.
-1112
Convert -2 (base 9) to base 4.
-2
What is -37 (base 9) in base 2?
-100010
What is 0 (base 5) in base 4?
0
-3 (base 15) to base 10
-3
Convert 1 (base 16) to base 11.
1
Convert 100101001 (base 2) to base 9.
360
What is 2d (base 15) in base 10?
43
What is 1110110 (base 2) in base 11?
a8
Convert -321 (base 4) to base 8.
-71
Convert 12 (base 9) to base 13.
b
Convert 3 (base 10) to base 13.
3
2 (base 4) to base 13
2
What is 1 (base 6) in base 15?
1
-1 (base 6) to base 13
-1
Convert -1 (base 9) to base 12.
-1
Convert -1110 (base 2) to base 13.
-11
13 (base 10) to base 12
11
111 (base 3) to base 8
15
3 (base 16) to base 15
3
Convert -2 (base 16) to base 14.
-2
-30 (base 7) to base 11
-1a
Convert 7 (base 11) to base 9.
7
11 (base 5) to base 8
6
Convert 135 (base 6) to base 11.
54
Convert -11 (base 7) to base 11.
-8
What is be (base 16) in base 7?
361
-111 (base 2) to base 10
-7
Convert 26 (base 8) to base 16.
16
Convert 67 (base 11) to base 16.
49
What is 2 (base 11) in base 12?
2
What is 2 (base 5) in base 4?
2
What is -5 (base 12) in base 5?
-10
What is 51 (base 12) in base 9?
67
What is 0 (base 2) in base 13?
0
Convert 9 (base 12) to base 11.
9
What is 1 (base 14) in base 15?
1
Convert -1 (base 12) to base 15.
-1
Convert 11 (base 5) to base 3.
20
10 (base 5) to base 15
5
15 (base 7) to base 3
110
Convert -321 (base 5) to base 14.
-62
-356 (base 9) to base 4
-10212
Convert -100 (base 3) to base 4.
-21
-435 (base 7) to base 13
-141
What is -55 (base 9) in base 10?
-50
What is 1101 (base 4) in base 11?
74
Convert 7 (base 16) to base 7.
10
Convert -102 (base 5) to base 7.
-36
-7 (base 12) to base 4
-13
-1 (base 11) to base 16
-1
What is -12 (base 4) in base 2?
-110
80 (base 16) to base 7
242
Convert -100 (base 7) to base 3.
-1211
Convert -133 (base 6) to base 15.
-3c
What is -14 (base 12) in base 9?
-17
Convert -11 (base 4) to base 15.
-5
Convert 131 (base 6) to base 12.
47
-1 (base 7) to base 4
-1
106 (base 7) to base 2
110111
Convert -12202 (base 3) to base 6.
-415
What is -1 (base 10) in base 13?
-1
What is 1 (base 5) in base 2?
1
What is -100111101 (base 2) in base 9?
-382
What is 56 (base 14) in base 15?
51
Convert 3 (base 11) to base 7.
3
-4 (base 6) to base 14
-4
Convert -261 (base 9) to base 15.
-e7
What is 4 (base 12) in base 3?
11
Convert 3 (base 15) to base 2.
11
What is 1 (base 5) in base 4?
1
Convert 8 (base 15) to base 11.
8
Convert -1 (base 5) to base 8.
-1
What is 10 (base 4) in base 5?
4
-2 (base 14) to base 6
-2
Convert 2 (base 11) to base 4.
2
-33 (base 9) to base 2
-11110
Convert -1022 (base 3) to base 9.
-38
What is 7 (base 15) in base 16?
7
Convert -1 (base 13) to base 16.
-1
What is 11c (base 14) in base 7?
435
Convert -4 (base 10) to base 16.
-4
7 (base 15) to base 6
11
What is 21 (base 3) in base 2?
111
Convert 10 (base 2) to base 9.
2
1 (base 8) to base 10
1
Convert -3 (base 7) to base 14.
-3
234 (base 9) to base 12
141
Convert -312 (base 4) to base 5.
-204
1 (base 4) to base 15
1
Convert -20 (base 10) to base 7.
-26
What is 121 (base 7) in base 6?
144
c (base 14) to base 5
22
What is -1010100 (base 2) in base 9?
-103
What is 215 (base 6) in base 11?
76
38 (base 10) to base 16
26
What is -28 (base 14) in base 2?
-100100
What is 20 (base 7) in base 8?
16
-4 (base 7) to base 15
-4
What is 1001111 (base 2) in base 8?
117
2 (base 13) to base 3
2
What is 122 (base 4) in base 14?
1c
-1 (base 16) to base 5
-1
What is -250 (base 11) in base 4?
-10221
What is -4 (base 15) in base 7?
-4
Convert 52 (base 6) to base 7.
44
Convert 11 (base 3) to base 13.
4
4 (base 15) to base 10
4
What is 17a (base 11) in base 8?
320
-20 (base 7) to base 9
-15
-210 (base 3) to base 16
-15
Convert 1 (base 9) to base 6.
1
Convert -2 (base 13) to base 7.
-2
12 (base 9) to base 15
b
-4 (base 11) to base 2
-100
2 (base 12) to base 4
2
Convert -2d (base 14) to base 3.
-1112
Convert 5 (base 10) to base 6.
5
What is -3 (base 15) in base 10?
-3
What is 11 (base 7) in base 14?
8
Convert -2 (base 4) to base 15.
-2
-143 (base 5) to base 16
-30
What is 115 (base 7) in base 9?
67
-303 (base 5) to base 9
-86
Convert -110 (base 5) to base 4.
-132
What is 6 (base 16) in base 10?
6
Convert 4 (base 8) to base 12.
4
What is 17 (base 14) in base 11?
1a
-107 (base 8) to base 13
-56
Convert -100 (base 2) to base 9.
-4
What is -101 (base 2) in base 5?
-10
What is -3 (base 4) in base 5?
-3
7 (base 12) to base 5
12
-402 (base 5) to base 10
-102
What is 20 (base 3) in base 7?
6
Convert 0 (base 5) to base 6.
0
What is -23 (base 14) in base 11?
-29
What is 115 (base 9) in base 15?
65
-12002 (base 3) to base 7
-254
What is 10101 (base 4) in base 13?
180
What is -5 (base 9) in base 5?
-10
What is -36 (base 14) in base 2?
-110000
13 (base 8) to base 5
21
What is -201 (base 6) in base 4?
-1021
Convert -1 (base 10) to base 8.
-1
Convert -1 (base 4) to base 10.
-1
Convert -b3 (base 13) to base 15.
-9b
-139 (base 13) to base 8
-331
Convert -a5 (base 16) to base 15.
-b0
-11101 (base 2) to base 6
-45
-121 (base 11) to base 3
-12100
What is -14d (base 15) in base 2?
-100101010
12 (base 8) to base 9
11
111 (base 4) to base 6
33
23 (base 8) to base 5
34
What is -4 (base 16) in base 4?
-10
What is -2 (base 4) in base 9?
-2
What is -36 (base 14) in base 15?
-33
What is -3 (base 15) in base 7?
-3
What is 4 (base 10) in base 4?
10
-415 (base 6) to base 2
-10011011
What is 4 (base 5) in base 3?
11
What is -112 (base 8) in base 12?
-62
Convert b (base 14) to base 7.
14
Convert 5 (base 12) to base 9.
5
What is 14 (base 9) in base 16?
d
1 (base 16) to base 12
1
3 (base 12) to base 2
11
What is 3 (base 6) in base 2?
11
5 (base 8) to base 6
5
What is 7 (base 9) in base 15?
7
Convert -1 (base 2) to base 5.
-1
103 (base 5) to base 2
11100
Convert 0 (base 10) to base 3.
0
-107 (base 11) to base 5
-1003
Convert -39 (base 13) to base 3.
-1210
Convert -13 (base 4) to base 13.
-7
Convert 30 (base 4) to base 10.
12
Convert 2 (base 16) to base 7.
2
1 (base 6) to base 14
1
What is 31 (base 15) in base 3?
1201
Convert -13 (base 5) to base 12.
-8
What is -201 (base 6) in base 11?
-67
What is -260 (base 7) in base 11?
-118
-8 (base 13) to base 11
-8
What is 1 (base 8) in base 11?
1
Convert 8 (base 15) to base 11.
8
0 (base 2) to base 6
0
31 (base 11) to base 12
2a
What is -3 (base 15) in base 4?
-3
Convert -6 (base 7) to base 6.
-10
321 (base 4) to base 7
111
55 (base 8) to base 14
33
Convert -154 (base 8) to base 7.
-213
Convert cc (base 14) to base 3.
20200
Convert 102 (base 3) to base 9.
12
What is 5 (base 8) in base 5?
10
Convert 27 (base 13) to base 9.
36
Convert -1 (base 3) to base 6.
-1
What is 110000 (base 2) in base 6?
120
What is 27 (base 13) in base 5?
113
0 (base 9) to base 2
0
Convert -212 (base 8) to base 15.
-93
-1a (base 15) to base 9
-27
-4 (base 